 the greatest common factor of y and 132?
12
Let k(p) = p**3 + 5*p**2 + 2*p - 6. Let z be k(-4). Let x be 12*(-4*3/(-12))/(-1). Let u be x/(-4) + (-3 + 0)/3. What is the greatest common divisor of z and u?
2
Let p be -146 - -1 - (-110)/(-22). Suppose 331 = 4*h - 581. Let s = h + p. What is the greatest common factor of 6 and s?
6
Suppose 3116 = z - m, -4*z + 6220 = -2*z + 4*m. Suppose 0*j - z = 3*j. Let g = -741 - j. Calculate the greatest common factor of 27 and g.
27
Let j(g) be the second derivative of 2*g**3/3 - 3*g**2/2 - 284*g. Let q = -4 - -6. Let f be j(q). What is the highest common factor of 15 and f?
5
Suppose 28 = -7*g + 7. Let n be (-2*g/(-18))/(4/(-792)). Calculate the highest common divisor of 24 and n.
6
Let r = 44 - 41. Let f be r/2 - (0 - (-1575)/(-6)). Let u be 122/5 - 8/20. Calculate the highest common divisor of f and u.
24
Let s be 812/42 + -20 + (-61064)/(-12). What is the highest common divisor of s and 64?
32
Suppose 0 = -106*s + 2686 - 778. Calculate the highest common factor of 60 and s.
6
Let j(b) = -b**3 + 44*b**2 - 39*b - 434. Let i be j(42). What is the greatest common factor of 280 and i?
56
Let q = 2793 - 2693. Calculate the greatest common divisor of 1950 and q.
50
Suppose 0 = 81*a - 412 - 398. What is the highest common factor of a and 395?
5
Suppose -13*f + 6 = -10*f. Suppose 0 = 4*i + 4*l - 228, -2*i - f*i + 226 = 2*l. Calculate the highest common divisor of i and 224.
56
Let n = -234 - 136. Let i = -90 - n. Suppose -i = -l - 100. Calculate the highest common factor of 45 and l.
45
Let v = 30924 + -30464. What is the highest common divisor of v and 20?
20
Let n(l) = 10*l - 27. Let r be n(-16). Let d = -133 - r. Suppose h = -a - 3*h + d, -4*a + 279 = -5*h. Calculate the highest common divisor of 6 and a.
6
Suppose 20*l + 52 = 24*l. Let c(g) = g + 1. Let s be c(l). Calculate the highest common factor of s and 14.
14
Let q be (-50)/(-12) - 7/42. Let w(h) = q - 29 - 7*h - 20. Let o be w(-15). Calculate the greatest common factor of o and 20.
20
Let z be -3 - ((-9)/3 - 117). Suppose t + j = 4*j + z, -5*j = 0. Let a = 24 + -11. Calculate the greatest common factor of t and a.
13
Let z(w) = -w**2 + 3*w + 2. Let k be z(2). Suppose -k*t - 5*h = -76, 0 = 2*t + 3*h + h - 44. Calculate the greatest common divisor of t and 49.
7
Let f = 4554 - 4200. What is the highest common factor of f and 413?
59
Suppose 3067 = -14*t - 2827. Let s = t - -553. What is the greatest common divisor of s and 594?
66
Suppose -2*m + 5*z + 11 = m, -3*z + 7 = 5*m. Suppose m*j + 3*g - 6 = 0, j = g + 3*g + 3. Let n = 3696 + -3695. What is the greatest common divisor of n and j?
1
Let n be (-153)/(-3) + (-108)/(24 - 6). Calculate the greatest common divisor of 1815 and n.
15
Suppose 171 = -3*u - 90. Let v = u + 8. Let x be 0 + v/(-9) - (-6)/27. Calculate the highest common factor of 63 and x.
9
Let w = 175 + -102. Let i be (-5 - -1 - -5)*w. Let o = 111 - i. Calculate the greatest common factor of o and 95.
19
Let w(b) = -44*b**3 - 2*b - 1. Let d be w(-1). Suppose -9*m = -1793 - 772. Let r be (-65)/39 - (-2)/(18/m). What is the greatest common divisor of r and d?
15
Suppose 357*g - 359*g = -10. What is the greatest common factor of 605 and g?
5
Suppose -19*m - 626008 = -122*m + 612670. Calculate the greatest common factor of 14 and m.
14
Suppose -20*x + 136 + 124 = 0. Let c be (-48)/(-3)*13/x. What is the highest common factor of c and 1?
1
Let d be (-1 - -7) + 2*6. Suppose -2*v + d = 2*i - 104, 2*i + 4*v - 132 = 0. Calculate the greatest common factor of i and 196.
28
Suppose 275*a = 218*a + 104310. Calculate the highest common factor of a and 45.
15
Let y = -11846 + 18120. Suppose 0 = -20*d + y + 1986. Calculate the highest common factor of 7 and d.
7
Suppose 157 = 5*l + 127. Suppose -6*k - l*k = -444. Let s = 42 - -291. Calculate the greatest common divisor of k and s.
37
Let q = -448 + 448. Suppose q = 3*y - 8 - 7. Calculate the highest common divisor of y and 1.
1
Let y = 32788 - 31259. Calculate the highest common divisor of y and 2641.
139
Let j be (-46)/(-12)*(1 + (-35)/(-7)). Suppose -2*f + 17 = 3*r, 3*f + 3*r + j = 50. Suppose -2*c + 60 = c. What is the highest common factor of f and c?
10
Let x = 148 + -140. Let w(o) = 21*o - 28. Let z be w(x). Calculate the greatest common divisor of z and 84.
28
Let y be 2*((-265)/(-10))/(2 - 1). Suppose y*b - 182 = 40*b. What is the greatest common factor of b and 854?
14
Suppose r + 2*i - 76 = 0, -4*r + 264 = -11*i + 9*i. Let s = r - 23. What is the highest common factor of 135 and s?
45
Suppose 9*i - 1736 = -19*i. What is the highest common factor of i and 589?
31
Let w be (0 + 1)/(4/84). Suppose -649 = -42*z - 586 + 2289. What is the highest common factor of z and w?
7
Let b(k) = k**2 - 5*k - 5. Let x be b(6). Let d be (-5)/(-2)*38 + x. Let o = 34912 - 34888. What is the highest common divisor of o and d?
24
Suppose 9*k + 609 = 4*s + 6*k, -10 = -2*k. What is the greatest common divisor of s and 876?
12
Let j be (-3)/(-48)*-2 + (-6485)/(-40). Let x = 118 + -100. Calculate the greatest common divisor of j and x.
18
Suppose 5*m = -2*b + 80, 5*m - b - 212 = -132. Calculate the greatest common divisor of m and 24176.
16
Let c(o) = -2*o**3 + 12*o**2 + 60*o - 346. Let h be c(6). What is the greatest common divisor of 14483 and h?
7
Suppose 6 = -6*r + 36. Suppose 0 = q - v - 1, 9*q - 4*q - 25 = -r*v. Calculate the greatest common factor of 24 and q.
3
Let j be 2 + (1881/(-12) - (-15)/20). Let m = j + 158. What is the greatest common factor of m and 16?
4
Let i be (10 - 4) + -7 - (-1 + 7) - -249. Calculate the highest common divisor of 3751 and i.
121
Let w = -328 - -553. Let x = -203 + w. Let z = -225 + 357. Calculate the greatest common factor of x and z.
22
Suppose 707*c - 84 = -3*v + 710*c, v = 4*c + 10. What is the highest common divisor of v and 2737?
17
Suppose 5*o - 800 = -20*o. Suppose -37*r + 4*z + 246 = -o*r, -3*r + 149 = -z. Calculate the highest common divisor of 45 and r.
5
Suppose -4*p + 10735 = 5*x, 99*x - 98*x = -2*p + 5357. Calculate the highest common factor of 100 and p.
25
Let k(v) = -2*v**3 - 162*v**2 - 179*v - 248. Let g be k(-80). What is the greatest common factor of g and 24?
24
Let p(y) = -4 + 13*y**2 + 2 + y + 80*y**3 - 4*y**2 - 7*y**2. Let h be p(1). Calculate the highest common factor of 9 and h.
9
Suppose -9*n + 12*n - 6858 = -v, 0 = -3*v + n + 20594. What is the greatest common divisor of v and 143?
143
Suppose -3*d + 54 = 3*z - 3993, 0 = -5*z - 3*d + 6735. Suppose -5*h + z = 3*h. Calculate the greatest common factor of 24 and h.
24
Let i = 3060 - -491. What is the highest common factor of i and 53?
53
Let d = 40 + -29. Suppose -3*j + 19 = 5*z, -z + 3*j + d = -0*z. Let x be (-12)/(-30) + (-492)/(-20). Calculate the highest common divisor of z and x.
5
Let m = 9 - 14. Let n = -1 - m. Suppose -5*t + 2*s = 6*s - 120, 361*s = 358*s + 30. Calculate the greatest common divisor of n and t.
4
Let f = 19 + -12. Suppose 3*u - 806 = -4*p, 5*p + 11*u - 1008 = f*u. Calculate the greatest common divisor of p and 120.
40
Suppose 0 = -2*n + 7*n. Suppose 0 = -5*u - n*u. Suppose -27 = -3*r + 3*t, -2*r = -u*t - t - 19. What is the greatest common factor of 20 and r?
10
Let b be ((-8)/(-32))/((-2)/(-2020)) + (-35)/(-70). What is the greatest common divisor of b and 46?
23
Let m(s) = s + 13. Let u be m(0). Let b be (-7)/(-21) - (-420)/9. Suppose -5*d - b = -4*n, 3*n - 25 = n + d. What is the greatest common divisor of u and n?
13
Suppose 0*n - 5*n = -210. Let c = -69 - -99. Suppose 2*j - c = 26. What is the greatest common factor of n and j?
14
Let i(d) = 9*d - 38. Let u be (18/10)/(9 - 174/20). Let s be i(u). Calculate the highest common factor of 20 and s.
4
Suppose n = -3*x + 6, -100 = -4*n - 5*x - 90. Suppose -5*d - 10 = n, -4*y + 46 = -6*d + 9*d. Calculate the greatest common divisor of 4 and y.
1
Let k = 65 - 17. Let z(r) = 2*r**3 - 43*r**2 - 28*r + 69. Let u be z(22). Let g be ((u/(-6))/7)/((-2)/(-4)). Calculate the highest common divisor of k and g.
3
Let k = 267 - 150. Suppose 122*x = k*x + 430. What is the highest common divisor of x and 215?
43
Let v be -7 + (2 - -2) + 4. Let y be (808/9)/v - 66/(-297). What is the highest common divisor of y and 150?
30
Let s(p) = 4*p**2 + 205*